{"id":83,"date":"2019-09-23T18:44:39","date_gmt":"2019-09-23T18:44:39","guid":{"rendered":"http:\/\/www.eisenberger-geruestbau.de\/?page_id=83"},"modified":"2019-09-23T18:44:39","modified_gmt":"2019-09-23T18:44:39","slug":"fachunternehmer","status":"publish","type":"page","link":"https:\/\/www.eisenberger-geruestbau.de\/?page_id=83","title":{"rendered":"Fachunternehmer"},"content":{"rendered":"\n<h2 class=\"wp-block-heading\">Fachunternehmererkl\u00e4rung<\/h2>\n\n\n\n<p>Als Fachunternehmer erkl\u00e4ren wir, dass wir die in den Auftr\u00e4gen enthaltenen Leistungen nach den anerkannten Regeln der Technik ausgef\u00fchrt werden.<\/p>\n\n\n\n<h2 class=\"wp-block-heading\">Leistung: Ger\u00fcstbauarbeiten<\/h2>\n\n\n\n<p>Die Auftr\u00e4ge werden nach den geltenden Vorschriften, Normen und Verordnungen durchgef\u00fchrt. Die eingesetzten Ger\u00fcstsysteme besitzen eine g\u00fcltige Zulassung. Die Aufbau- und Verwendungsanleitung der Hersteller wird eingehalten. Unser Unternehmen ist in der Handwerkskammer zu Ostth\u00fcringen eingetragen. Unser Unternehmen ist Mitglied im Bundesverband Ger\u00fcstbau, K\u00f6ln. Unser Unternehmen ist eingetragen beim Amtsgericht Jena HRB 203894.<\/p>\n","protected":false},"excerpt":{"rendered":"<p>Fachunternehmererkl\u00e4rung Als Fachunternehmer erkl\u00e4ren wir, dass wir die in den Auftr\u00e4gen enthaltenen Leistungen nach den anerkannten Regeln der Technik ausgef\u00fchrt werden. Leistung: Ger\u00fcstbauarbeiten Die Auftr\u00e4ge werden nach den geltenden Vorschriften, Normen und Verordnungen durchgef\u00fchrt. Die eingesetzten Ger\u00fcstsysteme besitzen eine g\u00fcltige Zulassung. Die Aufbau- und Verwendungsanleitung der Hersteller wird eingehalten. Unser Unternehmen ist in der Handwerkskammer &hellip; <a href=\"https:\/\/www.eisenberger-geruestbau.de\/?page_id=83\" class=\"more-link\"><span class=\"screen-reader-text\">Fachunternehmer<\/span> weiterlesen <span class=\"meta-nav\">&rarr;<\/span><\/a><\/p>\n","protected":false},"author":1,"featured_media":0,"parent":13,"menu_order":0,"comment_status":"closed","ping_status":"closed","template":"","meta":{"ngg_post_thumbnail":0,"footnotes":""},"_links":{"self":[{"href":"https:\/\/www.eisenberger-geruestbau.de\/index.php?rest_route=\/wp\/v2\/pages\/83"}],"collection":[{"href":"https:\/\/www.eisenberger-geruestbau.de\/index.php?rest_route=\/wp\/v2\/pages"}],"about":[{"href":"https:\/\/www.eisenberger-geruestbau.de\/index.php?rest_route=\/wp\/v2\/types\/page"}],"author":[{"embeddable":true,"href":"https:\/\/www.eisenberger-geruestbau.de\/index.php?rest_route=\/wp\/v2\/users\/1"}],"replies":[{"embeddable":true,"href":"https:\/\/www.eisenberger-geruestbau.de\/index.php?rest_route=%2Fwp%2Fv2%2Fcomments&post=83"}],"version-history":[{"count":1,"href":"https:\/\/www.eisenberger-geruestbau.de\/index.php?rest_route=\/wp\/v2\/pages\/83\/revisions"}],"predecessor-version":[{"id":84,"href":"https:\/\/www.eisenberger-geruestbau.de\/index.php?rest_route=\/wp\/v2\/pages\/83\/revisions\/84"}],"up":[{"embeddable":true,"href":"https:\/\/www.eisenberger-geruestbau.de\/index.php?rest_route=\/wp\/v2\/pages\/13"}],"wp:attachment":[{"href":"https:\/\/www.eisenberger-geruestbau.de\/index.php?rest_route=%2Fwp%2Fv2%2Fmedia&parent=83"}],"curies":[{"name":"wp","href":"https:\/\/api.w.org\/{rel}","templated":true}]}}